ided by 141?
101
Calculate the remainder when 12083 is divided by 1462.
387
Calculate the remainder when 1229797 is divided by 307445.
17
What is the remainder when 211437 is divided by 15?
12
Calculate the remainder when 61703 is divided by 5.
3
What is the remainder when 110159 is divided by 17?
16
What is the remainder when 9082 is divided by 699?
694
What is the remainder when 1487 is divided by 18?
11
Calculate the remainder when 9520 is divided by 561.
544
Calculate the remainder when 3133429 is divided by 413.
411
Calculate the remainder when 10118 is divided by 1007.
48
What is the remainder when 436792 is divided by 15061?
23
Calculate the remainder when 5399 is divided by 68.
27
What is the remainder when 40642 is divided by 30?
22
Calculate the remainder when 141033 is divided by 113.
9
What is the remainder when 3995 is divided by 137?
22
Calculate the remainder when 160053 is divided by 12.
9
What is the remainder when 200 is divided by 98?
4
What is the remainder when 10804 is divided by 1067?
134
Calculate the remainder when 4094 is divided by 91.
90
Calculate the remainder when 4599 is divided by 555.
159
What is the remainder when 146831 is divided by 114?
113
What is the remainder when 1817 is divided by 756?
305
What is the remainder when 2286283 is divided by 5?
3
What is the remainder when 203063 is divided by 846?
23
Calculate the remainder when 106344 is divided by 1802.
26
Calculate the remainder when 19524 is divided by 22.
10
What is the remainder when 134396 is divided by 44784?
44
Calculate the remainder when 24492 is divided by 326.
42
Calculate the remainder when 4755 is divided by 73.
10
Calculate the remainder when 158209 is divided by 10.
9
What is the remainder when 325355 is divided by 108451?
2
Calculate the remainder when 5466 is divided by 896.
90
Calculate the remainder when 14010 is divided by 173.
170
What is the remainder when 48258 is divided by 245?
238
What is the remainder when 12379 is divided by 67?
51
Calculate the remainder when 59272 is divided by 554.
548
What is the remainder when 1971063 is divided by 37?
36
What is the remainder when 7066 is divided by 6947?
119
What is the remainder when 1628 is divided by 137?
121
Calculate the remainder when 13845 is divided by 9.
3
What is the remainder when 1942 is divided by 170?
72
Calculate the remainder when 13234 is divided by 29.
10
Calculate the remainder when 25254 is divided by 67.
62
What is the remainder when 26943 is divided by 132?
15
Calculate the remainder when 3884 is divided by 942.
116
What is the remainder when 2433 is divided by 405?
3
Calculate the remainder when 1985 is divided by 91.
74
Calculate the remainder when 43692 is divided by 10922.
4
What is the remainder when 15122 is divided by 104?
42
Calculate the remainder when 33489 is divided by 11064.
297
What is the remainder when 6459 is divided by 170?
169
What is the remainder when 28721 is divided by 34?
25
What is the remainder when 12093 is divided by 84?
81
Calculate the remainder when 416403 is divided by 69398.
15
What is the remainder when 2344 is divided by 75?
19
What is the remainder when 22976 is divided by 68?
60
What is the remainder when 23239 is divided by 375?
364
Calculate the remainder when 107550 is divided by 107549.
1
What is the remainder when 6951 is divided by 1142?
99
What is the remainder when 66016 is divided by 446?
8
What is the remainder when 190847 is divided by 779?
771
What is the remainder when 2787 is divided by 68?
67
What is the remainder when 3068194 is divided by 13?
12
Calculate the remainder when 23806 is divided by 2972.
30
Calculate the remainder when 13807 is divided by 266.
241
What is the remainder when 1559 is divided by 96?
23
Calculate the remainder when 96144 is divided by 218.
6
Calculate the remainder when 8155 is divided by 3979.
197
What is the remainder when 793663 is divided by 793634?
29
What is the remainder when 158923 is divided by 52973?
4
Calculate the remainder when 1475 is divided by 443.
146
Calculate the remainder when 1036382 is divided by 117.
113
Calculate the remainder when 124487 is divided by 79.
62
Calculate the remainder when 60976 is divided by 186.
154
What is the remainder when 46368 is divided by 9270?
18
Calculate the remainder when 22937 is divided by 72.
41
Calculate the remainder when 748046 is divided by 14.
12
Calculate the remainder when 1807 is divided by 414.
151
Calculate the remainder when 49992 is divided by 24988.
16
Calculate the remainder when 155624 is divided by 92.
52
Calculate the remainder when 1256 is divided by 435.
386
Calculate the remainder when 7846 is divided by 92.
26
What is the remainder when 79742 is divided by 41?
38
What is the remainder when 8519 is divided by 1210?
49
Calculate the remainder when 12167 is divided by 234.
233
Calculate the remainder when 17185895 is divided by 728.
727
What is the remainder when 197199 is divided by 6361?
8
Calculate the remainder when 5576 is divided by 102.
68
What is the remainder when 5227 is divided by 131?
118
What is the remainder when 1603 is divided by 91?
56
Calculate the remainder when 9401 is divided by 4693.
15
Calculate the remainder when 150035 is divided by 14.
11
What is the remainder when 1070 is divided by 115?
35
What is the remainder when 363393 is divided by 131?
130
What is the remainder when 17225 is divided by 441?
26
What is the remainder when 623 is divided by 19?
15
What is the remainder when 57781 is divided by 140?
101
Calculate the remainder when 4031 is divided by 1946.
139
Calculate the remainder when 490124 is divided by 3476.
8
Calculate the remainder when 9869 is divided by 1643.
11
What is the remainder when 947 is divided by 271?
134
What is the remainder when 12128 is divided by 92?
76
What is the remainder when 1589937 is divided by 44?
41
Calculate the remainder when 232135 is divided by 37.
34
Calculate the remainder when 50037 is divided by 254.
253
What is the remainder when 23704 is divided by 914?
854
What is the remainder when 7625 is divided by 3795?
35
Calculate the remainder when 416 is divided by 89.
60
What is the remainder when 20503 is divided by 10247?
9
What is the remainder when 567 is divided by 402?
165
Calculate the remainder when 10238 is divided by 293.
276
Calculate the remainder when 8577 is divided by 574.
541
Calculate the remainder when 278279 is divided by 120.
119
What is the remainder when 45508 is divided by 92?
60
What is the remainder when 15691 is divided by 15685?
6
Calculate the remainder when 5895 is divided by 1946.
57
What is the remainder when 2411 is divided by 1127?
157
Calculate the remainder when 220388 is divided by 29.
17
Calculate the remainder when 301164 is divided by 301148.
16
What is the remainder when 2169 is divided by 414?
99
What is the remainder when 119654 is divided by 147?
143
Calculate the remainder when 195240 is divided by 48809.
4
Calculate the remainder when 410 is divided by 379.
31
Calculate the remainder when 8987 is divided by 14.
13
Calculate the remainder when 43018 is divided by 448.
10
What is the remainder when 77566 is divided by 277?
6
Calculate the remainder when 1949 is divided by 241.
21
Calculate the remainder when 262082 is divided by 989.
986
Calculate the remainder when 250039 is divided by 1374.
1345
Calculate the remainder when 1265 is divided by 655.
610
Calculate the remainder when 5807 is divided by 98.
25
Calculate the remainder when 1561 is divided by 493.
82
What is the remainder when 7225 is divided by 70?
15
What is the remainder when 36311 is divided by 3625?
61
Calculate the remainder when 624883 is divided by 2358.
13
What is the remainder when 22037 is divided by 10987?
63
What is the remainder when 354 is divided by 90?
84
What is the remainder when 2786 is divided by 788?
422
Calculate the remainder when 10353 is divided by 20.
13
Calculate the remainder when 9242 is divided by 1540.
2
Calculate the remainder when 158245 is divided by 50.
45
Calculate the remainder when 5694 is divided by 14.
10
What is the remainder when 52747 is divided by 25?
22
Calculate the remainder when 9982 is divided by 3323.
13
What is the remainder when 125771 is divided by 41906?
53
Calculate the remainder when